{"id":1415,"date":"2021-03-24T15:57:24","date_gmt":"2021-03-24T18:57:24","guid":{"rendered":"https:\/\/marcelocuinhachef.com.br\/?page_id=1415"},"modified":"2021-03-26T11:56:17","modified_gmt":"2021-03-26T14:56:17","slug":"lojinha","status":"publish","type":"page","link":"https:\/\/marcelocuinhachef.com.br\/?page_id=1415","title":{"rendered":"Lojinha"},"content":{"rendered":"\t\t<div data-elementor-type=\"wp-page\" data-elementor-id=\"1415\" class=\"elementor elementor-1415\" data-elementor-settings=\"[]\">\n\t\t\t\t\t\t\t<div class=\"elementor-section-wrap\">\n\t\t\t\t\t\t\t<section data-particle_enable=\"false\" data-particle-mobile-disabled=\"false\" class=\"elementor-section elementor-top-section elementor-element elementor-element-8440a57 elementor-section-boxed elementor-section-height-default elementor-section-height-default\" data-id=\"8440a57\" data-element_type=\"section\" data-settings=\"{&quot;background_background&quot;:&quot;classic&quot;,&quot;ekit_has_onepagescroll_dot&quot;:&quot;yes&quot;}\">\n\t\t\t\t\t\t\t<div class=\"elementor-background-overlay\"><\/div>\n\t\t\t\t\t\t\t<div class=\"elementor-container elementor-column-gap-default\">\n\t\t\t\t\t<div class=\"elementor-column elementor-col-100 elementor-top-column elementor-element elementor-element-47e5977\" data-id=\"47e5977\" data-element_type=\"column\">\n\t\t\t<div class=\"elementor-widget-wrap elementor-element-populated\">\n\t\t\t\t\t\t\t\t<div class=\"elementor-element elementor-element-6ebd280 elementor-widget elementor-widget-heading\" data-id=\"6ebd280\" data-element_type=\"widget\" data-settings=\"{&quot;ekit_we_effect_on&quot;:&quot;none&quot;}\" data-widget_type=\"heading.default\">\n\t\t\t\t<div class=\"elementor-widget-container\">\n\t\t\t<h2 class=\"elementor-heading-title elementor-size-default\">Lojinha<\/h2>\t\t<\/div>\n\t\t\t\t<\/div>\n\t\t\t\t\t<\/div>\n\t\t<\/div>\n\t\t\t\t\t\t\t<\/div>\n\t\t<\/section>\n\t\t\t\t<section data-particle_enable=\"false\" data-particle-mobile-disabled=\"false\" class=\"elementor-section elementor-top-section elementor-element elementor-element-5e698f6 elementor-section-boxed elementor-section-height-default elementor-section-height-default\" data-id=\"5e698f6\" data-element_type=\"section\" data-settings=\"{&quot;ekit_has_onepagescroll_dot&quot;:&quot;yes&quot;}\">\n\t\t\t\t\t\t<div class=\"elementor-container elementor-column-gap-default\">\n\t\t\t\t\t<div class=\"elementor-column elementor-col-100 elementor-top-column elementor-element elementor-element-c7f847f\" data-id=\"c7f847f\" data-element_type=\"column\">\n\t\t\t<div class=\"elementor-widget-wrap elementor-element-populated\">\n\t\t\t\t\t\t\t\t<div class=\"elementor-element elementor-element-78bb3b8 elementor-widget elementor-widget-heading\" data-id=\"78bb3b8\" data-element_type=\"widget\" data-settings=\"{&quot;ekit_we_effect_on&quot;:&quot;none&quot;}\" data-widget_type=\"heading.default\">\n\t\t\t\t<div class=\"elementor-widget-container\">\n\t\t\t<h2 class=\"elementor-heading-title elementor-size-default\">Temperos e Gel\u00e9ias<\/h2>\t\t<\/div>\n\t\t\t\t<\/div>\n\t\t\t\t<div class=\"elementor-element elementor-element-0290c0b elementor-widget elementor-widget-text-editor\" data-id=\"0290c0b\" data-element_type=\"widget\" data-settings=\"{&quot;ekit_we_effect_on&quot;:&quot;none&quot;}\" data-widget_type=\"text-editor.default\">\n\t\t\t\t<div class=\"elementor-widget-container\">\n\t\t\t\t\t<div class=\"elementor-text-editor elementor-clearfix\"><p>Esses potinhos fazem sucesso,<\/p>\n<p>e est\u00e3o prontinhos para usar.<\/p><\/div>\n\t\t\t\t<\/div>\n\t\t\t\t<\/div>\n\t\t\t\t<div class=\"elementor-element elementor-element-40e5014 elementor-widget elementor-widget-price-list\" data-id=\"40e5014\" data-element_type=\"widget\" data-settings=\"{&quot;ekit_we_effect_on&quot;:&quot;none&quot;}\" data-widget_type=\"price-list.default\">\n\t\t\t\t<div class=\"elementor-widget-container\">\n\t\t\t\n\t\t<ul class=\"elementor-price-list\">\n\n\t\t\t\t\t\t\t\t\t<li><a class=\"elementor-price-list-item\" href=\"#\">\t\t\t\t\t\t\t\t\t<div class=\"elementor-price-list-image\">\n\t\t\t\t\t<img src=\"https:\/\/marcelocuinhachef.com.br\/wp-content\/uploads\/elementor\/thumbs\/Chimichurri-e1616768658787-p4sfzykmgqe2m77llrfr9fqr8dinak7k3wmoe98q58.png\" alt=\"CHIMICHURRI 200ml\" \/>\t\t\t\t<\/div>\n\t\t\t\t\n\t\t\t\t<div class=\"elementor-price-list-text\">\n\t\t\t\t\t\t\t\t\t<div class=\"elementor-price-list-header\">\n\t\t\t\t\t\t\t\t\t\t\t<span class=\"elementor-price-list-title\">CHIMICHURRI 200ml<\/span>\n\t\t\t\t\t\t\t\t\t\t\t\t\t\t\t\t\t\t<span class=\"elementor-price-list-separator\"><\/span>\n\t\t\t\t\t\t\t\t\t\t\t\t\t\t\t\t\t\t\t<span class=\"elementor-price-list-price\">R$20<\/span>\n\t\t\t\t\t\t\t\t\t\t<\/div>\n\t\t\t\t\t\t\t\t\t\t\t\t\t\t\t<p class=\"elementor-price-list-description\">Molho bom para Churrasco<br>\n(salsa, or\u00e9gano, tomilho, alho, pimenta dedo-de-mo\u00e7a, lim\u00e3o,<br> vinagre de ma\u00e7\u00e3, azeite extra virgem, sal e pimenta-do-reino)<\/p>\n\t\t\t\t\t\t\t\t<\/div>\n\t\t\t\t<\/a><\/li>\t\t\t\t\t\t\t\t\t\t\t\t<li><a class=\"elementor-price-list-item\" href=\"#\">\t\t\t\t\t\t\t\t\t<div class=\"elementor-price-list-image\">\n\t\t\t\t\t<img src=\"https:\/\/marcelocuinhachef.com.br\/wp-content\/uploads\/elementor\/thumbs\/Geleia-de-Pimenta-p4peh8nni53rl28cbhzqida5ceokfvvvd968b35hlo.png\" alt=\"GEL\u00c9IA DE PIMENTA 200ml\" \/>\t\t\t\t<\/div>\n\t\t\t\t\n\t\t\t\t<div class=\"elementor-price-list-text\">\n\t\t\t\t\t\t\t\t\t<div class=\"elementor-price-list-header\">\n\t\t\t\t\t\t\t\t\t\t\t<span class=\"elementor-price-list-title\">GEL\u00c9IA DE PIMENTA 200ml<\/span>\n\t\t\t\t\t\t\t\t\t\t\t\t\t\t\t\t\t\t<span class=\"elementor-price-list-separator\"><\/span>\n\t\t\t\t\t\t\t\t\t\t\t\t\t\t\t\t\t\t\t<span class=\"elementor-price-list-price\">R$25<\/span>\n\t\t\t\t\t\t\t\t\t\t<\/div>\n\t\t\t\t\t\t\t\t\t\t\t\t\t\t\t<p class=\"elementor-price-list-description\">Bom para acompanhar queijos<br>\n(pimenta cambuci, pimenta dedo-de-mo\u00e7a, ma\u00e7\u00e3 verde<br>\na\u00e7\u00facar e agua)<\/p>\n\t\t\t\t\t\t\t\t<\/div>\n\t\t\t\t<\/a><\/li>\t\t\t\t\t\t\t\t\t\t\t\t<li><a class=\"elementor-price-list-item\" href=\"#\">\t\t\t\t\t\t\t\t\t<div class=\"elementor-price-list-image\">\n\t\t\t\t\t<img src=\"https:\/\/marcelocuinhachef.com.br\/wp-content\/uploads\/elementor\/thumbs\/Geleia-de-lima\u0303o-siciliano-p4peh3ygjyxbz0f62xylnwgudhbqded7olwswpcggs.png\" alt=\"GEL\u00c9IA DE LIM\u00c3O SICILIANO 200ml\" \/>\t\t\t\t<\/div>\n\t\t\t\t\n\t\t\t\t<div class=\"elementor-price-list-text\">\n\t\t\t\t\t\t\t\t\t<div class=\"elementor-price-list-header\">\n\t\t\t\t\t\t\t\t\t\t\t<span class=\"elementor-price-list-title\">GEL\u00c9IA DE LIM\u00c3O SICILIANO 200ml<\/span>\n\t\t\t\t\t\t\t\t\t\t\t\t\t\t\t\t\t\t<span class=\"elementor-price-list-separator\"><\/span>\n\t\t\t\t\t\t\t\t\t\t\t\t\t\t\t\t\t\t\t<span class=\"elementor-price-list-price\">R$25<\/span>\n\t\t\t\t\t\t\t\t\t\t<\/div>\n\t\t\t\t\t\t\t\t\t\t\t\t\t\t\t<p class=\"elementor-price-list-description\">Vai bem com carne su\u00edna<br>\n(polpa de lim\u00e3o siciliano, ma\u00e7\u00e3 verde,\na\u00e7\u00facar e agua)<\/p>\n\t\t\t\t\t\t\t\t<\/div>\n\t\t\t\t<\/a><\/li>\t\t\t\t\t\t\t\t\t\t\t\t<li><a class=\"elementor-price-list-item\" href=\"#\">\t\t\t\t\t\t\t\t\t<div class=\"elementor-price-list-image\">\n\t\t\t\t\t<img src=\"https:\/\/marcelocuinhachef.com.br\/wp-content\/uploads\/elementor\/thumbs\/Pesto-e1616768571708-p4sfxosny5a4k4idva37qidnjuppow6wsnvfn6lz6k.png\" alt=\"MOLHO PESTO 200ml\" \/>\t\t\t\t<\/div>\n\t\t\t\t\n\t\t\t\t<div class=\"elementor-price-list-text\">\n\t\t\t\t\t\t\t\t\t<div class=\"elementor-price-list-header\">\n\t\t\t\t\t\t\t\t\t\t\t<span class=\"elementor-price-list-title\">MOLHO PESTO 200ml<\/span>\n\t\t\t\t\t\t\t\t\t\t\t\t\t\t\t\t\t\t<span class=\"elementor-price-list-separator\"><\/span>\n\t\t\t\t\t\t\t\t\t\t\t\t\t\t\t\t\t\t\t<span class=\"elementor-price-list-price\">R$20<\/span>\n\t\t\t\t\t\t\t\t\t\t<\/div>\n\t\t\t\t\t\t\t\t\t\t\t\t\t\t\t<p class=\"elementor-price-list-description\">Molho bom para Massas<br>\n(manjeric\u00e3o, alho, azeite extra virgem, nozes,  queijo parmez\u00e3o,<br>\nsal e pimenta-do-reino)<\/p>\n\t\t\t\t\t\t\t\t<\/div>\n\t\t\t\t<\/a><\/li>\t\t\t\t\t\t\t\t\t\t\t\t<li><a class=\"elementor-price-list-item\" href=\"#\">\t\t\t\t\t\t\t\t\t<div class=\"elementor-price-list-image\">\n\t\t\t\t\t<img src=\"https:\/\/marcelocuinhachef.com.br\/wp-content\/uploads\/elementor\/thumbs\/Alho-em-conserva-p4pegwfr1an1e4q3aupl3yd5mecsntjczkox2hnluk.png\" alt=\"ALHO EM CONSERVA 200ml\" \/>\t\t\t\t<\/div>\n\t\t\t\t\n\t\t\t\t<div class=\"elementor-price-list-text\">\n\t\t\t\t\t\t\t\t\t<div class=\"elementor-price-list-header\">\n\t\t\t\t\t\t\t\t\t\t\t<span class=\"elementor-price-list-title\">ALHO EM CONSERVA 200ml<\/span>\n\t\t\t\t\t\t\t\t\t\t\t\t\t\t\t\t\t\t<span class=\"elementor-price-list-separator\"><\/span>\n\t\t\t\t\t\t\t\t\t\t\t\t\t\t\t\t\t\t\t<span class=\"elementor-price-list-price\">R$20<\/span>\n\t\t\t\t\t\t\t\t\t\t<\/div>\n\t\t\t\t\t\t\t\t\t\t\t\t\t\t\t<p class=\"elementor-price-list-description\">\u00d3timo para petiscar<br>\n(alho, vinagre de vinho branco, vinho branco, azeite extra virgem, <br>especiarias, sal, pimenta-do-reino)<\/p>\n\t\t\t\t\t\t\t\t<\/div>\n\t\t\t\t<\/a><\/li>\t\t\t\t\t\t\t\t\t\t\t\t<li><a class=\"elementor-price-list-item\" href=\"#\">\t\t\t\t\t\t\t\t\t<div class=\"elementor-price-list-image\">\n\t\t\t\t\t<img src=\"https:\/\/marcelocuinhachef.com.br\/wp-content\/uploads\/elementor\/thumbs\/Tempero-Caseiro-e1616768779412-p4sg34b3foprn0me5mlm551j3zy25xr2vjkfgqk38c.png\" alt=\"TEMPERO CASEIRO 200ml\" \/>\t\t\t\t<\/div>\n\t\t\t\t\n\t\t\t\t<div class=\"elementor-price-list-text\">\n\t\t\t\t\t\t\t\t\t<div class=\"elementor-price-list-header\">\n\t\t\t\t\t\t\t\t\t\t\t<span class=\"elementor-price-list-title\">TEMPERO CASEIRO 200ml<\/span>\n\t\t\t\t\t\t\t\t\t\t\t\t\t\t\t\t\t\t<span class=\"elementor-price-list-separator\"><\/span>\n\t\t\t\t\t\t\t\t\t\t\t\t\t\t\t\t\t\t\t<span class=\"elementor-price-list-price\">R$20<\/span>\n\t\t\t\t\t\t\t\t\t\t<\/div>\n\t\t\t\t\t\t\t\t\t\t\t\t\t\t\t<p class=\"elementor-price-list-description\">Um coringa para temperar tudo<br>\n(alho, cebola branca, cebola roxa, louro, sal, pimenta-do-reino)<\/p>\n\t\t\t\t\t\t\t\t<\/div>\n\t\t\t\t<\/a><\/li>\t\t\t\t\t\n\t\t<\/ul>\n\n\t\t\t\t<\/div>\n\t\t\t\t<\/div>\n\t\t\t\t\t<\/div>\n\t\t<\/div>\n\t\t\t\t\t\t\t<\/div>\n\t\t<\/section>\n\t\t\t\t<section data-particle_enable=\"false\" data-particle-mobile-disabled=\"false\" class=\"elementor-section elementor-top-section elementor-element elementor-element-7c14e2b elementor-section-boxed elementor-section-height-default elementor-section-height-default\" data-id=\"7c14e2b\" data-element_type=\"section\" data-settings=\"{&quot;ekit_has_onepagescroll_dot&quot;:&quot;yes&quot;}\">\n\t\t\t\t\t\t<div class=\"elementor-container elementor-column-gap-default\">\n\t\t\t\t\t<div class=\"elementor-column elementor-col-50 elementor-top-column elementor-element elementor-element-ea02569\" data-id=\"ea02569\" data-element_type=\"column\">\n\t\t\t<div class=\"elementor-widget-wrap elementor-element-populated\">\n\t\t\t\t\t\t\t\t<div class=\"elementor-element elementor-element-43a6abb elementor-widget elementor-widget-text-editor\" data-id=\"43a6abb\" data-element_type=\"widget\" data-settings=\"{&quot;ekit_we_effect_on&quot;:&quot;none&quot;}\" data-widget_type=\"text-editor.default\">\n\t\t\t\t<div class=\"elementor-widget-container\">\n\t\t\t\t\t<div class=\"elementor-text-editor elementor-clearfix\"><p>Para pedir \u00e9 s\u00f3 falar com a Jana!<\/p><\/div>\n\t\t\t\t<\/div>\n\t\t\t\t<\/div>\n\t\t\t\t\t<\/div>\n\t\t<\/div>\n\t\t\t\t<div class=\"elementor-column elementor-col-50 elementor-top-column elementor-element elementor-element-77ab143\" data-id=\"77ab143\" data-element_type=\"column\">\n\t\t\t<div class=\"elementor-widget-wrap elementor-element-populated\">\n\t\t\t\t\t\t\t\t<div class=\"elementor-element elementor-element-b3998ed e-grid-align-left elementor-shape-rounded elementor-grid-0 elementor-widget elementor-widget-social-icons\" data-id=\"b3998ed\" data-element_type=\"widget\" data-settings=\"{&quot;ekit_we_effect_on&quot;:&quot;none&quot;}\" data-widget_type=\"social-icons.default\">\n\t\t\t\t<div class=\"elementor-widget-container\">\n\t\t\t\t\t<div class=\"elementor-social-icons-wrapper elementor-grid\">\n\t\t\t\t\t\t\t<div class=\"elementor-grid-item\">\n\t\t\t\t\t<a class=\"elementor-icon elementor-social-icon elementor-social-icon-whatsapp elementor-repeater-item-2b93add\" href=\"https:\/\/api.whatsapp.com\/send?phone=5511989014323&#038;text=Ol%C3%A1!%20qual%20ser%C3%A1%20o%20seu%20pedido%3F\" target=\"_blank\">\n\t\t\t\t\t\t<span class=\"elementor-screen-only\">Whatsapp<\/span>\n\t\t\t\t\t\t<i class=\"fab fa-whatsapp\"><\/i>\t\t\t\t\t<\/a>\n\t\t\t\t<\/div>\n\t\t\t\t\t<\/div>\n\t\t\t\t<\/div>\n\t\t\t\t<\/div>\n\t\t\t\t\t<\/div>\n\t\t<\/div>\n\t\t\t\t\t\t\t<\/div>\n\t\t<\/section>\n\t\t\t\t\t\t<\/div>\n\t\t\t\t\t<\/div>\n\t\t","protected":false},"excerpt":{"rendered":"<p>Lojinha Temperos e Gel\u00e9ias Esses potinhos fazem sucesso, e est\u00e3o prontinhos para usar. CHIMICHURRI 200ml R$20 Molho bom para Churrasco (salsa, or\u00e9gano, tomilho, alho, pimenta dedo-de-mo\u00e7a, lim\u00e3o, vinagre de ma\u00e7\u00e3, azeite extra virgem, sal e pimenta-do-reino) GEL\u00c9IA DE PIMENTA 200ml R$25 Bom para acompanhar queijos (pimenta cambuci, pimenta dedo-de-mo\u00e7a, ma\u00e7\u00e3 verde a\u00e7\u00facar e agua) GEL\u00c9IA&hellip; <a class=\"more-link\" href=\"https:\/\/marcelocuinhachef.com.br\/?page_id=1415\">Continuar lendo <span class=\"screen-reader-text\">Lojinha<\/span><\/a><\/p>\n","protected":false},"author":1,"featured_media":0,"parent":0,"menu_order":0,"comment_status":"closed","ping_status":"closed","template":"elementor_header_footer","meta":[],"yst_prominent_words":[],"yoast_head":"<!-- This site is optimized with the Yoast SEO Premium plugin v14.2 - https:\/\/yoast.com\/wordpress\/plugins\/seo\/ -->\n<title>Lojinha - Marcelo Cuinha Chef<\/title>\n<meta name=\"robots\" content=\"index, follow\" \/>\n<meta name=\"googlebot\" content=\"index, follow, max-snippet:-1, max-image-preview:large, max-video-preview:-1\" \/>\n<meta name=\"bingbot\" content=\"index, follow, max-snippet:-1, max-image-preview:large, max-video-preview:-1\" \/>\n<link rel=\"canonical\" href=\"https:\/\/marcelocuinhachef.com.br\/?page_id=1415\" \/>\n<meta property=\"og:locale\" content=\"pt_BR\" \/>\n<meta property=\"og:type\" content=\"article\" \/>\n<meta property=\"og:title\" content=\"Lojinha - Marcelo Cuinha Chef\" \/>\n<meta property=\"og:description\" content=\"Lojinha Temperos e Gel\u00e9ias Esses potinhos fazem sucesso, e est\u00e3o prontinhos para usar. CHIMICHURRI 200ml R$20 Molho bom para Churrasco (salsa, or\u00e9gano, tomilho, alho, pimenta dedo-de-mo\u00e7a, lim\u00e3o, vinagre de ma\u00e7\u00e3, azeite extra virgem, sal e pimenta-do-reino) GEL\u00c9IA DE PIMENTA 200ml R$25 Bom para acompanhar queijos (pimenta cambuci, pimenta dedo-de-mo\u00e7a, ma\u00e7\u00e3 verde a\u00e7\u00facar e agua) GEL\u00c9IA&hellip; Continuar lendo Lojinha\" \/>\n<meta property=\"og:url\" content=\"https:\/\/marcelocuinhachef.com.br\/?page_id=1415\" \/>\n<meta property=\"og:site_name\" content=\"Marcelo Cuinha Chef\" \/>\n<meta property=\"article:modified_time\" content=\"2021-03-26T14:56:17+00:00\" \/>\n<meta property=\"og:image\" content=\"https:\/\/marcelocuinhachef.com.br\/wp-content\/uploads\/elementor\/thumbs\/Chimichurri-e1616768658787-p4sfzykmgqe2m77llrfr9fqr8dinak7k3wmoe98q58.png\" \/>\n<meta name=\"twitter:card\" content=\"summary_large_image\" \/>\n<script type=\"application\/ld+json\" class=\"yoast-schema-graph\">{\"@context\":\"https:\/\/schema.org\",\"@graph\":[{\"@type\":\"WebSite\",\"@id\":\"https:\/\/marcelocuinhachef.com.br\/#website\",\"url\":\"https:\/\/marcelocuinhachef.com.br\/\",\"name\":\"Marcelo Cuinha Chef\",\"description\":\"Sabor, Muito Sabor!\",\"potentialAction\":[{\"@type\":\"SearchAction\",\"target\":\"https:\/\/marcelocuinhachef.com.br\/?s={search_term_string}\",\"query-input\":\"required name=search_term_string\"}],\"inLanguage\":\"pt-BR\"},{\"@type\":\"ImageObject\",\"@id\":\"https:\/\/marcelocuinhachef.com.br\/?page_id=1415#primaryimage\",\"inLanguage\":\"pt-BR\",\"url\":\"https:\/\/marcelocuinhachef.com.br\/wp-content\/uploads\/elementor\/thumbs\/Chimichurri-e1616768658787-p4sfzykmgqe2m77llrfr9fqr8dinak7k3wmoe98q58.png\"},{\"@type\":\"WebPage\",\"@id\":\"https:\/\/marcelocuinhachef.com.br\/?page_id=1415#webpage\",\"url\":\"https:\/\/marcelocuinhachef.com.br\/?page_id=1415\",\"name\":\"Lojinha - Marcelo Cuinha Chef\",\"isPartOf\":{\"@id\":\"https:\/\/marcelocuinhachef.com.br\/#website\"},\"primaryImageOfPage\":{\"@id\":\"https:\/\/marcelocuinhachef.com.br\/?page_id=1415#primaryimage\"},\"datePublished\":\"2021-03-24T18:57:24+00:00\",\"dateModified\":\"2021-03-26T14:56:17+00:00\",\"inLanguage\":\"pt-BR\",\"potentialAction\":[{\"@type\":\"ReadAction\",\"target\":[\"https:\/\/marcelocuinhachef.com.br\/?page_id=1415\"]}]}]}<\/script>\n<!-- \/ Yoast SEO Premium plugin. -->","_links":{"self":[{"href":"https:\/\/marcelocuinhachef.com.br\/index.php?rest_route=\/wp\/v2\/pages\/1415"}],"collection":[{"href":"https:\/\/marcelocuinhachef.com.br\/index.php?rest_route=\/wp\/v2\/pages"}],"about":[{"href":"https:\/\/marcelocuinhachef.com.br\/index.php?rest_route=\/wp\/v2\/types\/page"}],"author":[{"embeddable":true,"href":"https:\/\/marcelocuinhachef.com.br\/index.php?rest_route=\/wp\/v2\/users\/1"}],"replies":[{"embeddable":true,"href":"https:\/\/marcelocuinhachef.com.br\/index.php?rest_route=%2Fwp%2Fv2%2Fcomments&post=1415"}],"version-history":[{"count":43,"href":"https:\/\/marcelocuinhachef.com.br\/index.php?rest_route=\/wp\/v2\/pages\/1415\/revisions"}],"predecessor-version":[{"id":1534,"href":"https:\/\/marcelocuinhachef.com.br\/index.php?rest_route=\/wp\/v2\/pages\/1415\/revisions\/1534"}],"wp:attachment":[{"href":"https:\/\/marcelocuinhachef.com.br\/index.php?rest_route=%2Fwp%2Fv2%2Fmedia&parent=1415"}],"wp:term":[{"taxonomy":"yst_prominent_words","embeddable":true,"href":"https:\/\/marcelocuinhachef.com.br\/index.php?rest_route=%2Fwp%2Fv2%2Fyst_prominent_words&post=1415"}],"curies":[{"name":"wp","href":"https:\/\/api.w.org\/{rel}","templated":true}]}}